 0. Suppose -56*b + 293 = -l*b. What are the prime factors of b?
293
Let q be (-20)/(-15)*(-1827)/(-14). Let w(r) = 5*r**2 + 6*r + 5. Let j be w(-4). Let o = q - j. List the prime factors of o.
113
Let c(d) = 11*d + 6. Let w be c(-5). Let s = w + 53. Suppose n - s*k = 0, 16 = 5*n - 2*k - 2*k. What are the prime factors of n?
2
Let a(s) be the second derivative of s**4 + 2*s**3/3 - 2*s**2 + 29*s. Let x be a(-5). Suppose 220 + x = 8*p. List the prime factors of p.
2, 31
Let x = 92949 + -51700. List the prime factors of x.
13, 19, 167
Suppose -6*x + 2*p = -3*x - 2073, 5*x - 2*p - 3459 = 0. Let w = x + 18. List the prime factors of w.
3, 79
Let x(c) = c**2 - 7*c + 150. Suppose 0 = -40*j - 7*j + 1363. What are the prime factors of x(j)?
2, 197
Suppose 6*v - 8*v + 18 = 0. Suppose -v*j - 2*l = -6*j - 1377, 5*l = -j + 459. List the prime factors of j.
3, 17
Suppose -110*i = -32048 - 28892. What are the prime factors of i?
2, 277
Let f = 50 + -26. Let b be (-40)/6 + (-8)/f. Let a(i) = -5*i - 9. What are the prime factors of a(b)?
2, 13
Suppose p + 2*w = -718, 443 = 3*p + 4*w + 2605. Let d = -378 - p. What are the prime factors of d?
2, 3, 29
Let g = 581 + 2744. What are the prime factors of g?
5, 7, 19
Suppose -114*b = 175*b - 76*b - 8163225. What are the prime factors of b?
3, 5, 7, 73
Let q(p) = -6*p**2 - 21*p + 99. Let j(k) = 11*k**2 + 43*k - 198. Let r(l) = -4*j(l) - 9*q(l). List the prime factors of r(11).
2, 11, 59
Suppose -5*p = -3*q - 76, 3*p - 45 = 3*q - q. Let m = p - 38. List the prime factors of (-1862)/m + 0 + 2/6.
89
Suppose -141 = -3*r + 24. Let b = -268 + 217. Let s = r + b. What are the prime factors of s?
2
List the prime factors of 9/45 + 2 + 498987/15 + -2.
2, 16633
Let u = 36 + -34. Suppose -u*f = -0*f - 10. Suppose c - f*r = 9, -4*c = c + 3*r - 185. What are the prime factors of c?
2, 17
Suppose -2*r = 3*q - 8, q - 3 + 11 = 2*r. Suppose -r*b - d = -601, 0 = b + 4*d + d - 174. List the prime factors of b.
149
Let g = -35990 - -81105. List the prime factors of g.
5, 7, 1289
Let j be (-8856)/14*(-532)/114. Suppose 0 = 22*u - 34*u + j. What are the prime factors of u?
2, 3, 41
Let y = 51 + -43. Let s = 10 - y. Suppose v - 154 = -2*g - 2*g, -g + s*v = -34. What are the prime factors of g?
2, 19
Suppose -4*l = 5*m - 67, m + 5*l - 4 = 1. Suppose m*o - 1364 = 13*o. What are the prime factors of o?
2, 11, 31
Suppose -3*x + 19914 = 3*o, 43*x = o + 47*x - 6626. List the prime factors of o.
2, 3, 41
Let k(l) = -8*l**3 - 63*l**2 - 489*l - 33. List the prime factors of k(-18).
3, 11, 1061
Let o = 313 + -309. List the prime factors of o*(1654/8 - 25/50).
3, 5, 11
Suppose -l + 6 = j - 58, 3*l + 15 = 0. Let y(c) = -45 - c + 7 + j. What are the prime factors of y(-7)?
2, 19
Let s(c) = 2*c**2 - 3*c + 33. Let h(m) = m**3 - m**2 + m + 1. Let x(w) = h(w) - s(w). What are the prime factors of x(5)?
2, 19
Suppose -5*t = -2*p - 83665, 53*t - 50*t - 5*p = 50199. List the prime factors of t.
29, 577
Let k(q) = -q**3 + 10*q**2 + 12*q - 20. Let w be k(9). Suppose 10*y = -341 - w. Let o = 33 - y. List the prime factors of o.
2, 3, 7
Let p(a) = a**2 + 10*a + 7. Let q be p(-10). Let m be q/(21/(-531))*1. Let o = -106 - m. List the prime factors of o.
71
Let q(l) = -5*l - 7. Let m be q(-2). Suppose -3*g = m, 29 + 221 = 5*b + 5*g. Suppose -s + 5*v + b = -62, -419 = -3*s - v. List the prime factors of s.
2, 3, 23
Suppose -13*t + 8 = -11*t. Suppose 51 = t*r + 3*u, 10 + 2 = -4*u. Suppose j = 51 + r. What are the prime factors of j?
2, 3, 11
Let u(x) = x**3 - 5*x**2 - 2*x - 24. Let z be u(3). Suppose 2*c + 7 - 19 = 0. Let b = c - z. What are the prime factors of b?
2, 3
Let i be 2/(-8) + 14/(-8) + -3. Let j(f) = 2*f + 8. Let t be j(i). What are the prime factors of t/(-9) + 6796/36?
3, 7
Let r(q) = 6*q**2 + 28*q - 36. Let a be r(-15). Suppose -n + 596 = -0*t + 2*t, -3*t = -4*n - a. List the prime factors of t.
2, 149
Suppose 136*h = 64*h + 1810512. What are the prime factors of h?
2, 3, 11, 127
Let g(u) = 22*u + 24. Let i be g(11). Suppose 234 = 5*v - i. Let o = -77 + v. List the prime factors of o.
23
Suppose 5*l - 12 - 8 = 0. Suppose l*h - 120 = 192. Suppose -h = -2*c + 8. What are the prime factors of c?
43
Let z(q) = 1290*q - 1067. What are the prime factors of z(7)?
7963
Suppose -25 = -2*a - h + 4, 3*a - 2*h = 47. Suppose 12*m + 255 = a*m. Suppose 0 = -3*o + m + 311. What are the prime factors of o?
2, 3, 11
Let c be 26/6 + (-48)/(-72). Suppose -k + 15 = c*v, -15 = -3*k - v - 4*v. Suppose 2*j + 4 = 0, k = -4*y + 3*j + j + 348. List the prime factors of y.
5, 17
Suppose 0 = 2*f + 2*f + 3*n - 16, 0 = 5*f - 4*n - 20. Let m be 6 - f - (1 - -17). List the prime factors of ((-344)/m)/((-2)/(-4)).
43
Suppose -16*l + 1282 = -18*l. Let h = 924 + l. List the prime factors of h.
283
List the prime factors of -2*(-15)/18 - 2/(18/(-128379)).
2, 7, 1019
What are the prime factors of -151*(-13 + -9 + -291)?
151, 313
Let f(x) = -x**3 + 8*x**2 + 3*x - 9. Let r be f(6). List the prime factors of r/((-12)/(-10) - 1).
3, 5
Let d = 142 + 957. Suppose 4759 - d = 4*a. List the prime factors of a.
3, 5, 61
Suppose 0 = -2*k + 5*n + 7943, 0 = -4*k - 3*n + 17401 - 1606. List the prime factors of k.
2, 3, 659
Suppose 0 = -3*n - q - q + 18218, -2*n - 4*q + 12148 = 0. What are the prime factors of n?
2, 3, 11, 23
Suppose 5*h - 66074 = -2*v, -v - 41348 = -4*h + 11506. List the prime factors of h.
2, 6607
Let d(c) be the second derivative of -4*c**3/3 + 72*c**2 - 126*c. What are the prime factors of d(12)?
2, 3
Let v(z) = 384*z - 11. Suppose 5 = 8*g - 3. List the prime factors of v(g).
373
Let o be 96/30 + -3 - (-4)/5. Let j(y) = y + 6 - 2 + 0. What are the prime factors of j(o)?
5
Suppose 0 = 4*x + 3*a - 4374, 0*a - 2*a + 1096 = x. Suppose 6*o = x + 1080. What are the prime factors of o?
2, 181
Suppose 489*k = 521*k - 2730944. List the prime factors of k.
2, 71, 601
Suppose 2*l + 2*o = 7*l - 299, 311 = 5*l + 2*o. Suppose -3956 = -l*h + 57*h. List the prime factors of h.
23, 43
Let t(m) = 6*m**2 + 116*m - 8378. List the prime factors of t(76).
2, 3, 5849
Let b(g) = -15*g**3 - 3*g**2 - 2*g - 3. Let a be 627/(-165) - (-1)/(-5). What are the prime factors of b(a)?
7, 131
Suppose 3*a = 4*d - 1737, 3*a + a + 2*d + 2294 = 0. Let i = -165 - a. List the prime factors of i.
2, 5, 41
Let w be (-1 - -3) + 10 + -7 - -612. Suppose 2*l = 69 + w. List the prime factors of l.
7
Suppose -6 = -3*f + 21. Let t(u) = 12*u + 16. What are the prime factors of t(f)?
2, 31
Suppose -2*k - 2*k = -8. Suppose -r = 22 - k. List the prime factors of (5/(r/(-296)))/1.
2, 37
Suppose -2*g = 4*w - 13822, 5*g + 5*w + 6939 = 6*g. List the prime factors of g.
11, 17, 37
Let y be (-220)/66*(77 - 1/(-1)). List the prime factors of (y/14)/(3/(-105)).
2, 5, 13
Suppose 20*r - 417047 = 195593. List the prime factors of r.
2, 7, 547
Suppose -y + 25 = 4*y. Suppose 4*u - y - 11 = 0. Suppose -10*l = u*l - 266. List the prime factors of l.
19
Let c = 125 - 129. What are the prime factors of 6*((-10)/5)/c - -551?
2, 277
Suppose -23*d + 8*d = -28920. List the prime factors of d.
2, 241
What are the prime factors of (108/(-162) + 52/6)*3407?
2, 3407
Suppose 4*p - 20 = 0, 3*d + 3*p - 4 = -1. List the prime factors of 594 + (d/6)/(8/12).
593
Let u be (2 - 1)*4/2*1. Suppose u*o + 1 = 5*x + 13, 0 = 3*x + 3*o + 24. Let f(s) = -11*s + 7. What are the prime factors of f(x)?
3, 17
Let r(x) = -x**3 - x**2 - 1. Let l be r(-2). Suppose -l*j - 1 = -16. Suppose 40 = 4*u - 2*c, -4*u + j*c = -2*u - 20. What are the prime factors of u?
2, 5
Let q = -2359 + 7304. Suppose -17*z - 304 = -q. List the prime factors of z.
3, 7, 13
Suppose 0 = y - 3*h + 354, -h + 1132 = -3*y - 6*h. List the prime factors of y/((-6)/(5 - (-3)/(-3))).
2, 3, 41
Let v = -50 - -224. Let w be 1*12/6 + 0. Suppose w*d + d = v. What are the prime factors of d?
2, 29
Let f be (1*(-1 - 0))/(3/(-6)). Let v be (5 - f)*-1 + 2/1. List the prime factors of (-3)/v + (1 + 13 - -4).
3, 7
Let i(j) be the second derivative of 3*j**5/20 + 4*j**4/3 - 7*j**3/6 - 2*j**2 + j - 157. List the prime factors of i(6).
2, 19, 31
Suppose 3*g + 2*g - 60 = -5*d, 2*g = -d + 16. List the prime factors of (2/d)/((-5)/(-4820)).
241
Suppose -2*z = -3*u + 9 + 41, 0 = 4*z - 4*u + 104. Let o = z - -33. Suppose -g + 386 = 